{"id":432,"date":"2022-02-24T14:18:27","date_gmt":"2022-02-24T14:18:27","guid":{"rendered":"https:\/\/wpriverthemes.com\/tandaelem\/?page_id=432"},"modified":"2023-07-27T07:56:01","modified_gmt":"2023-07-27T07:56:01","slug":"actividad","status":"publish","type":"page","link":"https:\/\/kitdigital.avanzadi.com\/firenze_web\/actividad\/","title":{"rendered":"Actividad"},"content":{"rendered":"\t\t<div data-elementor-type=\"wp-page\" data-elementor-id=\"432\" class=\"elementor elementor-432\">\n\t\t\t\t\t\t\t\t\t<section class=\"elementor-section elementor-top-section elementor-element elementor-element-7c0fdae elementor-section-boxed elementor-section-height-default elementor-section-height-default\" data-id=\"7c0fdae\" data-element_type=\"section\">\n\t\t\t\t\t\t<div class=\"elementor-container elementor-column-gap-default\">\n\t\t\t\t\t<div class=\"elementor-column elementor-col-100 elementor-top-column elementor-element elementor-element-1584648\" data-id=\"1584648\" data-element_type=\"column\">\n\t\t\t<div class=\"elementor-widget-wrap elementor-element-populated\">\n\t\t\t\t\t\t\t\t<div class=\"elementor-element elementor-element-9b44e62 elementor-widget elementor-widget-text-editor\" data-id=\"9b44e62\" data-element_type=\"widget\" id=\"seccionTextoActivodad\" data-widget_type=\"text-editor.default\">\n\t\t\t\t<div class=\"elementor-widget-container\">\n\t\t\t<style>\/*! elementor - v3.13.2 - 11-05-2023 *\/\n.elementor-widget-text-editor.elementor-drop-cap-view-stacked .elementor-drop-cap{background-color:#69727d;color:#fff}.elementor-widget-text-editor.elementor-drop-cap-view-framed .elementor-drop-cap{color:#69727d;border:3px solid;background-color:transparent}.elementor-widget-text-editor:not(.elementor-drop-cap-view-default) .elementor-drop-cap{margin-top:8px}.elementor-widget-text-editor:not(.elementor-drop-cap-view-default) .elementor-drop-cap-letter{width:1em;height:1em}.elementor-widget-text-editor .elementor-drop-cap{float:left;text-align:center;line-height:1;font-size:50px}.elementor-widget-text-editor .elementor-drop-cap-letter{display:inline-block}<\/style>\t\t\t\t<p><img loading=\"lazy\" decoding=\"async\" class=\"size-medium wp-image-1656 alignleft\" src=\"https:\/\/kitdigital.avanzadi.com\/firenze_web\/wp-content\/uploads\/2023\/05\/fonfoFirenze-300x138.jpg\" alt=\"\" width=\"300\" height=\"138\" srcset=\"https:\/\/kitdigital.avanzadi.com\/firenze_web\/wp-content\/uploads\/2023\/05\/fonfoFirenze-300x138.jpg 300w, https:\/\/kitdigital.avanzadi.com\/firenze_web\/wp-content\/uploads\/2023\/05\/fonfoFirenze-768x352.jpg 768w, https:\/\/kitdigital.avanzadi.com\/firenze_web\/wp-content\/uploads\/2023\/05\/fonfoFirenze-350x161.jpg 350w, https:\/\/kitdigital.avanzadi.com\/firenze_web\/wp-content\/uploads\/2023\/05\/fonfoFirenze-540x248.jpg 540w, https:\/\/kitdigital.avanzadi.com\/firenze_web\/wp-content\/uploads\/2023\/05\/fonfoFirenze-730x335.jpg 730w, https:\/\/kitdigital.avanzadi.com\/firenze_web\/wp-content\/uploads\/2023\/05\/fonfoFirenze.jpg 800w\" sizes=\"auto, (max-width: 300px) 100vw, 300px\" \/>Esta CONSULTORIA est\u00e1 especializada en base a la experiencia de sus Gestores a lo largo de m\u00e1s de 35 a\u00f1os en tener en cartera \u00f3 Porfolio de ACTIVOS en comercializaci\u00f3n y proyectos de Inversi\u00f3n de todo tipo; Residencial- Industrial- Log\u00edstico- Terciario \u2013 Proyectos Hotelero- Residencia de Estudiantes y el Sector Geri\u00e1trico, as\u00ed como Proyectos de RESIDENCIAL LIVING- Proyectos fotovoltaicos; a<span style=\"font-family: var( --e-global-typography-text-font-family ), Sans-serif;\">s\u00ed como Activos Inmobiliarios en desarrollo con Proyectos Urbanos- PAI- UNIDAD DE ACTUACION- CAMPOS DE GOLF- ETC.<\/span><\/p><p>This CONSULTANCY is especialized, based on the experience of its Managers over more than 35 years, is having in portfolio of ASSETS in commercialization and investment projects of all kinds; Residential &#8211; Industrial &#8211; Logistics &#8211; Tertiary &#8211; Hotel Projects &#8211; Student Residence and Geriatric Sector, as well as RESIDENTIAL LIVING Projects &#8211; Photovoltaic Projects; Real Estate Assets in development with Urban Projects &#8211; PAI &#8211; UNIT OF ACTION &#8211; GOLF COURSES, etc..<\/p>\t\t\t\t\t\t<\/div>\n\t\t\t\t<\/div>\n\t\t\t\t\t<\/div>\n\t\t<\/div>\n\t\t\t\t\t\t\t<\/div>\n\t\t<\/section>\n\t\t\t\t<section class=\"elementor-section elementor-top-section elementor-element elementor-element-3c0643b elementor-section-full_width elementor-section-height-default elementor-section-height-default\" data-id=\"3c0643b\" data-element_type=\"section\">\n\t\t\t\t\t\t<div class=\"elementor-container elementor-column-gap-no\">\n\t\t\t\t\t<div class=\"elementor-column elementor-col-100 elementor-top-column elementor-element elementor-element-775fba5\" data-id=\"775fba5\" data-element_type=\"column\">\n\t\t\t<div class=\"elementor-widget-wrap elementor-element-populated\">\n\t\t\t\t\t\t\t\t<div class=\"elementor-element elementor-element-4f8c540 elementor-widget elementor-widget-services\" data-id=\"4f8c540\" data-element_type=\"widget\" data-widget_type=\"services.default\">\n\t\t\t\t<div class=\"elementor-widget-container\">\n\t\t\t\n    <!-- Start Services \n    ============================================= -->\n    <div class=\"service-area default-padding bottom-less bg-cover\">\n                <div class=\"container\">\n            <div class=\"service-items text-center\">\n                <div class=\"row\">\n\n            \n                <!-- Single item -->\n                <div class=\"col-lg-4 col-md-6 single-item\">\n                    <div class=\"item\">\n                        <div class=\"info\">\n                            <h4>Selecci\u00f3n de Activos<\/h4>\n                            <i class=\"flaticon-cogwheel\"><\/i>\n                            <p>\n                                Lorem ipsum es el texto que se usa habitualmente en dise\u00f1o gr\u00e1fico en demostraciones de tipograf\u00edas o de borradores de dise\u00f1o para probar el dise\u00f1o visual antes de insertar el texto final                            <\/p>\n                                                    <\/div>\n                    <\/div>\n                <\/div>\n                <!-- End Single item -->\n\n    \n                \n                <!-- Single item -->\n                <div class=\"col-lg-4 col-md-6 single-item\">\n                    <div class=\"item\">\n                        <div class=\"info\">\n                            <h4>Due Diligence<\/h4>\n                            <i class=\"flaticon-analysis-1\"><\/i>\n                            <p>\n                                Lorem ipsum es el texto que se usa habitualmente en dise\u00f1o gr\u00e1fico en demostraciones de tipograf\u00edas o de borradores de dise\u00f1o para probar el dise\u00f1o visual antes de insertar el texto final                            <\/p>\n                                                    <\/div>\n                    <\/div>\n                <\/div>\n                <!-- End Single item -->\n\n    \n                \n                <!-- Single item -->\n                <div class=\"col-lg-4 col-md-6 single-item\">\n                    <div class=\"item\">\n                        <div class=\"info\">\n                            <h4>Estrategia<\/h4>\n                            <i class=\"flaticon-reduction\"><\/i>\n                            <p>\n                                Lorem ipsum es el texto que se usa habitualmente en dise\u00f1o gr\u00e1fico en demostraciones de tipograf\u00edas o de borradores de dise\u00f1o para probar el dise\u00f1o visual antes de insertar el texto final                            <\/p>\n                                                    <\/div>\n                    <\/div>\n                <\/div>\n                <!-- End Single item -->\n\n    \n                \n                <!-- Single item -->\n                <div class=\"col-lg-4 col-md-6 single-item\">\n                    <div class=\"item\">\n                        <div class=\"info\">\n                            <h4>Equity Partnership<\/h4>\n                            <i class=\"flaticon-interview\"><\/i>\n                            <p>\n                                Lorem ipsum es el texto que se usa habitualmente en dise\u00f1o gr\u00e1fico en demostraciones de tipograf\u00edas o de borradores de dise\u00f1o para probar el dise\u00f1o visual antes de insertar el texto final                            <\/p>\n                                                    <\/div>\n                    <\/div>\n                <\/div>\n                <!-- End Single item -->\n\n    \n                \n                <!-- Single item -->\n                <div class=\"col-lg-4 col-md-6 single-item\">\n                    <div class=\"item\">\n                        <div class=\"info\">\n                            <h4>Intermediaci\u00f3n y adquisiciones<\/h4>\n                            <i class=\"flaticon-sketch\"><\/i>\n                            <p>\n                                Lorem ipsum es el texto que se usa habitualmente en dise\u00f1o gr\u00e1fico en demostraciones de tipograf\u00edas o de borradores de dise\u00f1o para probar el dise\u00f1o visual antes de insertar el texto final                            <\/p>\n                                                        <a class=\"btn-standard\" href=\"#\">Read More<\/a>\n                                                <\/div>\n                    <\/div>\n                <\/div>\n                <!-- End Single item -->\n\n    \n                \n                <!-- Single item -->\n                <div class=\"col-lg-4 col-md-6 single-item\">\n                    <div class=\"item\">\n                        <div class=\"info\">\n                            <h4>Direcci\u00f3n y ejecuci\u00f3n de proyectos<\/h4>\n                            <i class=\"flaticon-firewall\"><\/i>\n                            <p>\n                                Lorem ipsum es el texto que se usa habitualmente en dise\u00f1o gr\u00e1fico en demostraciones de tipograf\u00edas o de borradores de dise\u00f1o para probar el dise\u00f1o visual antes de insertar el texto final                            <\/p>\n                                                        <a class=\"btn-standard\" href=\"#\">Read More<\/a>\n                                                <\/div>\n                    <\/div>\n                <\/div>\n                <!-- End Single item -->\n\n    \n                \n            <\/div>\n            <\/div>\n        <\/div>\n    <\/div>\n    <!-- End Services Area -->\n\n\t\t<\/div>\n\t\t\t\t<\/div>\n\t\t\t\t\t<\/div>\n\t\t<\/div>\n\t\t\t\t\t\t\t<\/div>\n\t\t<\/section>\n\t\t\t\t\t\t\t<\/div>\n\t\t","protected":false},"excerpt":{"rendered":"<p>Esta CONSULTORIA est\u00e1 especializada en base a la experiencia de sus Gestores a lo largo de m\u00e1s de 35 a\u00f1os en tener en cartera \u00f3 Porfolio de ACTIVOS en comercializaci\u00f3n y proyectos de Inversi\u00f3n de todo tipo; Residencial- Industrial- Log\u00edstico- Terciario \u2013 Proyectos Hotelero- Residencia de Estudiantes y el Sector Geri\u00e1trico, as\u00ed como Proyectos de [&hellip;]<\/p>\n","protected":false},"author":1,"featured_media":1656,"parent":0,"menu_order":0,"comment_status":"closed","ping_status":"closed","template":"page-templates\/pages-image.php","meta":{"footnotes":""},"class_list":["post-432","page","type-page","status-publish","has-post-thumbnail","hentry"],"_links":{"self":[{"href":"https:\/\/kitdigital.avanzadi.com\/firenze_web\/wp-json\/wp\/v2\/pages\/432","targetHints":{"allow":["GET"]}}],"collection":[{"href":"https:\/\/kitdigital.avanzadi.com\/firenze_web\/wp-json\/wp\/v2\/pages"}],"about":[{"href":"https:\/\/kitdigital.avanzadi.com\/firenze_web\/wp-json\/wp\/v2\/types\/page"}],"author":[{"embeddable":true,"href":"https:\/\/kitdigital.avanzadi.com\/firenze_web\/wp-json\/wp\/v2\/users\/1"}],"replies":[{"embeddable":true,"href":"https:\/\/kitdigital.avanzadi.com\/firenze_web\/wp-json\/wp\/v2\/comments?post=432"}],"version-history":[{"count":26,"href":"https:\/\/kitdigital.avanzadi.com\/firenze_web\/wp-json\/wp\/v2\/pages\/432\/revisions"}],"predecessor-version":[{"id":1818,"href":"https:\/\/kitdigital.avanzadi.com\/firenze_web\/wp-json\/wp\/v2\/pages\/432\/revisions\/1818"}],"wp:featuredmedia":[{"embeddable":true,"href":"https:\/\/kitdigital.avanzadi.com\/firenze_web\/wp-json\/wp\/v2\/media\/1656"}],"wp:attachment":[{"href":"https:\/\/kitdigital.avanzadi.com\/firenze_web\/wp-json\/wp\/v2\/media?parent=432"}],"curies":[{"name":"wp","href":"https:\/\/api.w.org\/{rel}","templated":true}]}}